 is divided by 21?
18
What is the remainder when 343 is divided by 16?
7
What is the remainder when 90 is divided by 53?
37
Calculate the remainder when 3373 is divided by 11.
7
What is the remainder when 265 is divided by 17?
10
What is the remainder when 112 is divided by 73?
39
Calculate the remainder when 710 is divided by 79.
78
Calculate the remainder when 290 is divided by 141.
8
Calculate the remainder when 395 is divided by 355.
40
What is the remainder when 599 is divided by 19?
10
Calculate the remainder when 2264 is divided by 4.
0
What is the remainder when 1201 is divided by 219?
106
What is the remainder when 815 is divided by 48?
47
What is the remainder when 207 is divided by 12?
3
Calculate the remainder when 3242 is divided by 407.
393
What is the remainder when 114 is divided by 60?
54
What is the remainder when 69 is divided by 18?
15
What is the remainder when 830 is divided by 13?
11
Calculate the remainder when 11655 is divided by 201.
198
What is the remainder when 269 is divided by 32?
13
Calculate the remainder when 91 is divided by 25.
16
What is the remainder when 490 is divided by 184?
122
Calculate the remainder when 516 is divided by 41.
24
What is the remainder when 297 is divided by 141?
15
What is the remainder when 516 is divided by 11?
10
Calculate the remainder when 220 is divided by 32.
28
What is the remainder when 580 is divided by 121?
96
What is the remainder when 1552 is divided by 132?
100
What is the remainder when 703 is divided by 88?
87
What is the remainder when 782 is divided by 56?
54
Calculate the remainder when 93 is divided by 16.
13
Calculate the remainder when 1967 is divided by 5.
2
What is the remainder when 631 is divided by 296?
39
What is the remainder when 110 is divided by 45?
20
What is the remainder when 26 is divided by 15?
11
What is the remainder when 618 is divided by 20?
18
What is the remainder when 50 is divided by 4?
2
What is the remainder when 22015 is divided by 256?
255
What is the remainder when 619 is divided by 48?
43
What is the remainder when 95 is divided by 24?
23
What is the remainder when 452 is divided by 35?
32
Calculate the remainder when 1019 is divided by 17.
16
Calculate the remainder when 2737 is divided by 138.
115
Calculate the remainder when 83 is divided by 82.
1
Calculate the remainder when 49 is divided by 40.
9
What is the remainder when 943 is divided by 27?
25
Calculate the remainder when 6396 is divided by 71.
6
Calculate the remainder when 1037 is divided by 89.
58
What is the remainder when 45 is divided by 41?
4
What is the remainder when 191 is divided by 101?
90
What is the remainder when 85 is divided by 4?
1
Calculate the remainder when 437 is divided by 8.
5
What is the remainder when 107 is divided by 29?
20
What is the remainder when 19304 is divided by 13?
12
What is the remainder when 10755 is divided by 414?
405
Calculate the remainder when 1212 is divided by 9.
6
What is the remainder when 65 is divided by 19?
8
What is the remainder when 102 is divided by 7?
4
Calculate the remainder when 332 is divided by 12.
8
Calculate the remainder when 278 is divided by 97.
84
What is the remainder when 346 is divided by 70?
66
Calculate the remainder when 388 is divided by 57.
46
What is the remainder when 122 is divided by 80?
42
What is the remainder when 6353 is divided by 7?
4
Calculate the remainder when 238 is divided by 25.
13
Calculate the remainder when 19319 is divided by 56.
55
Calculate the remainder when 5311 is divided by 231.
229
What is the remainder when 1505 is divided by 216?
209
Calculate the remainder when 1412 is divided by 129.
122
Calculate the remainder when 453 is divided by 58.
47
What is the remainder when 274 is divided by 12?
10
What is the remainder when 374 is divided by 22?
0
What is the remainder when 1594 is divided by 5?
4
What is the remainder when 350 is divided by 174?
2
Calculate the remainder when 6638 is divided by 22.
16
What is the remainder when 355 is divided by 30?
25
What is the remainder when 928 is divided by 150?
28
What is the remainder when 213 is divided by 103?
7
What is the remainder when 919 is divided by 39?
22
Calculate the remainder when 422 is divided by 25.
22
What is the remainder when 230 is divided by 76?
2
Calculate the remainder when 208 is divided by 37.
23
What is the remainder when 186 is divided by 17?
16
Calculate the remainder when 1698 is divided by 37.
33
What is the remainder when 227 is divided by 19?
18
What is the remainder when 634 is divided by 108?
94
Calculate the remainder when 1365 is divided by 98.
91
Calculate the remainder when 48 is divided by 17.
14
What is the remainder when 556 is divided by 547?
9
Calculate the remainder when 103 is divided by 20.
3
What is the remainder when 150 is divided by 39?
33
What is the remainder when 202 is divided by 65?
7
Calculate the remainder when 193 is divided by 50.
43
What is the remainder when 70 is divided by 26?
18
Calculate the remainder when 49 is divided by 13.
10
What is the remainder when 7114 is divided by 5?
4
Calculate the remainder when 2569 is divided by 10.
9
What is the remainder when 1606 is divided by 12?
10
What is the remainder when 176 is divided by 46?
38
Calculate the remainder when 632 is divided by 217.
198
What is the remainder when 353 is divided by 88?
1
Calculate the remainder when 13889 is divided by 23.
20
Calculate the remainder when 220 is divided by 3.
1
Calculate the remainder when 1317 is divided by 44.
41
What is the remainder when 1021 is divided by 7?
6
What is the remainder when 183 is divided by 29?
9
Calculate the remainder when 568 is divided by 142.
0
Calculate the remainder when 120 is divided by 41.
38
What is the remainder when 146 is divided by 20?
6
What is the remainder when 48 is divided by 40?
8
Calculate the remainder when 1086 is divided by 17.
15
Calculate the remainder when 214 is divided by 55.
49
Calculate the remainder when 438 is divided by 51.
30
What is the remainder when 2527 is divided by 16?
15
Calculate the remainder when 933 is divided by 463.
7
Calculate the remainder when 1341 is divided by 148.
9
What is the remainder when 4994 is divided by 37?
36
Calculate the remainder when 6301 is divided by 137.
136
Calculate the remainder when 307 is divided by 44.
43
Calculate the remainder when 420 is divided by 13.
4
Calculate the remainder when 2607 is divided by 58.
55
Calculate the remainder when 4216 is divided by 57.
55
Calculate the remainder when 3208 is divided by 42.
16
Calculate the remainder when 152 is divided by 11.
9
Calculate the remainder when 1880 is divided by 19.
18
Calculate the remainder when 20205 is divided by 167.
165
What is the remainder when 4596 is divided by 21?
18
What is the remainder when 216 is divided by 101?
14
Calculate the remainder when 741 is divided by 125.
116
What is the remainder when 3194 is divided by 23?
20
What is the remainder when 14548 is divided by 205?
198
Calculate the remainder when 617 is divided by 314.
303
What is the remainder when 539 is divided by 61?
51
Calculate the remainder when 108 is divided by 22.
20
Calculate the remainder when 5831 is divided by 15.
11
What is the remainder when 186 is divided by 31?
0
Calculate the remainder when 219 is divided by 77.
65
What is the remainder when 987 is divided by 276?
159
Calculate the remainder when 2776 is divided by 23.
16
Calculate the remainder when 132 is divided by 7.
6
What is the remainder when 124 is divided by 42?
40
Calculate the remainder when 179 is divided by 12.
11
Calculate the remainder when 242 is divided by 61.
59
What is the remainder when 164 is divided by 54?
2
What is the remainder when 194 is divided by 99?
95
What is the remainder when 1599 is divided by 160?
159
What is the remainder when 1125 is divided by 42?
33
Calculate the remainder when 42 is divided by 14.
0
Calculate the remainder when 102 is divided by 33.
3
Calculate the remainder when 582 is divided by 167.
81
What is the remainder when 110 is divided by 29?
23
Calculate the remainder when 179 is divided by 37.
31
Calculate the remainder when 92 is divided by 1.
0
What is the remainder when 64 is divided by 11?
9
Calculate the remainder when 75 is divided